(-25)?
1
Suppose -3*u - 4*n - 5 = -6*u, 2*n = u + 1. Let f(y) = -y**3 + 7*y**2 + 3*y + 2. What is the tens digit of f(u)?
2
Suppose -6*n = -0*n + 18. What is the units digit of -5 + 4 - n - -8?
0
Let l = -968 + 1421. What is the tens digit of l?
5
Let l = -18 + 18. What is the tens digit of -4 - ((-263)/1 - l)?
5
Let s = 53 + -10. Suppose -w + 0*w = -s. What is the tens digit of w?
4
Let k(n) = 2*n + 10. Let t be k(-7). Let h be t/(-2) - (0 - -1). What is the units digit of 32 - (0/2)/h?
2
Let b(w) = 5*w**2 - 13*w - 173. What is the tens digit of b(25)?
2
Let x = 937 - -841. What is the units digit of x?
8
Let g be (76/57)/((-4)/(-6)). What is the units digit of (g + -3)/((-2)/342)?
1
Let y be (-2)/(-8) + (-238)/(-8). Suppose -y = -4*n - n. Suppose 20 = 5*j + k - n*k, 2*j - 3*k = 6. What is the units digit of j?
6
Let j(k) = 131*k - 63. What is the units digit of j(7)?
4
What is the units digit of -15*(-2)/(-10)*-116?
8
Let n(k) = -33*k**2 + 2*k + 794. What is the units digit of n(0)?
4
Let p = 30 - 27. Suppose -2*a = d + p*a + 25, -4*d - 5*a - 55 = 0. What is the tens digit of 133/(-38)*(d - 0)?
3
Let t be (-82)/(-16) + (-1)/8. Suppose -t*g = -q + 18, 8*q + g = 4*q + 114. What is the units digit of q?
8
Suppose m + 83 = 4*d - 0*m, -103 = -5*d + m. Let v(y) = 6*y + 11*y + 6*y - 3*y + 15 - y**2. What is the tens digit of v(d)?
1
Let g(i) = -i**3 + 10*i**2 - 9*i + 2. Let b be g(9). Let n(l) = -16*l - 3 + 0*l**2 - 2*l**b + l**2. What is the units digit of n(-12)?
5
What is the tens digit of (8/((-48)/(-75)))/((-1)/(-22))?
7
Let n(o) be the first derivative of 5*o**3/3 - 11*o**2/2 - 7. What is the tens digit of n(5)?
7
Let f = 46 + -52. What is the tens digit of (-4)/f*(-7137)/(-26)?
8
Let a = 8072 - 5750. What is the units digit of a?
2
Suppose 5*r - k + 7 = 3*r, r = -4*k + 10. Let u be r/17 + 688/68. What is the units digit of (-1)/3 + u/3?
3
Suppose 4*m + 4*g - 4416 = 0, 5*m + g - 1027 = 4501. What is the tens digit of m?
0
Let d = 21 - 21. Let u(x) = 3*x + 38. Let l be u(d). Let h = l + -27. What is the units digit of h?
1
Suppose 6*z - 4*z - 90 = -2*w, -65 = -w + 3*z. Let v(m) = m**2 + 12*m - 73. Let d be v(-20). Let f = d - w. What is the tens digit of f?
3
Let u(t) = 176*t - 14. Let a be u(4). Let j = a + -336. Suppose p = 7*p - j. What is the units digit of p?
9
Suppose 6*n - 2 = 94. Suppose -n = 4*p - 8*p. Suppose -4*t + 5*q + 57 = -19, 2*t = -p*q + 38. What is the tens digit of t?
1
Suppose -5*u + 2642 = q, 0 = -u - 3*q + 475 + 59. Suppose 8*z = 14*z - u. What is the tens digit of z?
8
Let n = 720 + -328. What is the hundreds digit of n?
3
Let h(k) = 3*k**3 - 8*k**2 - 4*k - 6. Let x(w) = -w**2 + 5*w + 1. Let a be x(4). What is the units digit of h(a)?
9
Let t(p) = 2*p + 30. Let r be ((-9)/1)/3 - -5. Let s be ((1 + -1)/r)/1. What is the tens digit of t(s)?
3
Let c = -219 - -341. What is the tens digit of c?
2
What is the tens digit of (-2 + 22/5)*240/8?
7
Let f = -351 - -1260. What is the units digit of f?
9
Suppose 0 = 3*x - 8*x. Let y = x + 4. Suppose 20 = 5*q, -5*q - 56 - 24 = -y*b. What is the units digit of b?
5
Let l(d) = d**3 + 5*d**2 - 2*d - 2. Let w be l(-5). Let z = 17 + w. What is the tens digit of z?
2
Let t(h) = 3*h**2 - 19*h + 27. What is the units digit of t(-15)?
7
Let q(t) = 3*t**2 + 13*t - 8. Let m(c) = 2*c - 3. Let z be m(-2). What is the tens digit of q(z)?
4
Let x(y) = -2*y - 6. Let f be x(-4). Suppose -f*c - 1 = 3. What is the units digit of c + 1 + (5 - 2)?
2
Suppose 51850 = 60*g - 70310. What is the tens digit of g?
3
Let h(r) = 10*r**2 - 4*r - 5. Let s be h(4). What is the units digit of s + 42/14 + (1 - 0)?
3
What is the thousands digit of 1/(-2)*-10 - (-1 + -1408)?
1
Suppose -3*b + 10 = 2*k, 0*b + 2*b = -2*k + 8. Suppose 2*o + 197 = 5*r - k*r, -4*o + 209 = 3*r. What is the tens digit of r?
6
Let t = -28 - -32. Suppose t = -4*k, 2*h - 4*k - 456 = -2*h. What is the hundreds digit of h?
1
What is the hundreds digit of 0 + (-4 - -8 - -1174)?
1
Let d(q) = -2*q - 13. Let c be d(-9). Suppose -5*l = c*y - 345, l + 2*y + 54 = 2*l. What is the units digit of l?
4
Let z(x) = -x**3 - 7*x**2 + 4*x + 1. Let f be z(-9). Let r = -76 + f. What is the tens digit of r?
5
Suppose -10*l + 3792 = -2*l. Let w = l + -257. What is the tens digit of w?
1
Let n(c) be the first derivative of c**4/4 - 2*c**3/3 - 18*c + 12. What is the units digit of n(6)?
6
Let h = 4 + -5. Let l be -31*(h*8)/4. Suppose -2*r + 0*x = -4*x - l, 2*r - x = 53. What is the tens digit of r?
2
Let m = 590 + -351. What is the tens digit of m?
3
Let s(x) = 223*x. Let i be s(-1). Let k = -131 - i. What is the tens digit of k?
9
Let i(n) = 16*n + 2. Let d be i(0). Suppose d*r = -3*r + 1730. What is the hundreds digit of r?
3
Let h = -548 + 1905. What is the units digit of h?
7
Let x = -750 - -1410. What is the hundreds digit of x?
6
Suppose -4*r = 5*q - 97, -q + r + 5 = -3*r. Let v = 246 - 265. What is the tens digit of q + v + 5*8?
3
Suppose -2*z - 6*y + 8*y = -624, 5*z - y = 1572. What is the tens digit of z?
1
Suppose 0 = 4*j + j - 20. Suppose -3 = j*d - 3*d. What is the units digit of (-2 + -22)/d*2?
6
Let u = 12 - 10. Suppose u*y = 52 + 32. What is the tens digit of y?
4
Let a(q) = 74*q**2 + q + 14. What is the hundreds digit of a(7)?
6
Let p(b) = b**3 + 4*b**2 - 9*b - 10. Let d be ((-3)/(-2))/((-6)/20). What is the tens digit of p(d)?
1
Let c(b) = b**2 - 15*b + 17. Let p be c(13). Let n = p + 12. Suppose 0 = 3*t + 4*a - 38, -3 + 26 = n*t + a. What is the units digit of t?
6
Let n = -20 + 28. Let u be (4/n)/(2/8). Suppose 4*w = -u*o + 50, 2*o = 3*w - 27 + 105. What is the tens digit of o?
3
Let g(n) = -5*n - 5. Let w be g(-2). Suppose 147 = 4*d + w*b, 0*d - 4*d = 2*b - 162. What is the units digit of d?
3
Let u(d) = -d**3 - 7*d**2. Suppose 2*v + 22 = 3*j, -3*v - 6*j - 16 = -2*j. What is the units digit of u(v)?
4
Let c = 22 - 12. Suppose -j = 2*j - 9. Let o = c - j. What is the units digit of o?
7
Let g(h) be the second derivative of h**6/120 + h**5/60 - h**3/2 + h**2/2 + 2*h. Let k(s) be the first derivative of g(s). What is the tens digit of k(3)?
3
Let x = -11 - -5. Let r(s) = -21*s + 34*s - 18*s - 9. What is the tens digit of r(x)?
2
Let x be 8/12 + (-70)/(-3). Suppose 0 = 6*c - 2*c - x. Suppose 0 = 4*v - 78 - c. What is the units digit of v?
1
Let u = -19 - -37. Let p be 1/(-2) + u/4. Suppose -b = m - 22, m + p*m = b + 98. What is the tens digit of m?
2
Suppose -r + 5*s = -6*r, 2*s = -5*r + 12. Suppose -r*j = 2*z + 70, 3*z - 96 = 5*j + 8. Let f = -7 - j. What is the tens digit of f?
1
Let m = 1836 + -1057. What is the tens digit of m?
7
What is the thousands digit of 4/22 + 414935/341?
1
Suppose -2*a - 56 = 52. Let n = a - -134. What is the tens digit of n?
8
Suppose 5*t + 25 = 0, -2*j + 7*j - 130 = t. Suppose 13*b - 8*b = j. Suppose 2*r = f - 2 + 4, -b*f = -3*r - 11. What is the units digit of f?
4
Let i be -1 - (-2 - (-4 + -41)). Let o = -42 - i. What is the units digit of o?
2
Let j = -5 - -2. Let g(c) be the first derivative of -c**3/3 - 3*c**2/2 + c + 27. What is the units digit of g(j)?
1
Let m = -20 - -19. Let c be (m - 3)*(-4)/8. Let d(t) = 20*t - 5. What is the tens digit of d(c)?
3
Suppose -19 = -i - 4. Suppose 0 = 3*d + 5*a - 64 - 161, 0 = -5*a + i. What is the units digit of d?
0
Let v(f) = 168*f**2 - 7*f - 6. What is the hundreds digit of v(-2)?
6
Suppose 194827 = 61*n + 21526. What is the tens digit of n?
4
Let l(j) = -2*j + 70. What is the hundreds digit of l(-23)?
1
What is the units digit of 2360/2 + -8 + -16 + 19?
5
What is the tens digit of 14/(-6) - (-40453)/21?
2
Suppose -3 = f - 9. Let p(u) be the third derivative of -u**5/60 + 3*u**4/8 - u**3/3 - 15*u**2. What is the units digit of p(f)?
6
Let j = 497 - 226. Let y = j + -146. What is the hundreds digit of y?
1
Let b be 138/((-2)/4 + -1). Let g = b - -134. What is the units digit of g?
2
Let a(i) = -4*i**2 - 5*i + 18. Let m be a(6). Let d = 285 + m. What is the hundreds digit of d?
1
Suppose 2*n + v - 814 = 0, n + 3*v - 407 = -2*v. What is the tens digit of n?
0
Let s = 44 - 28. Suppose -s = -3*b - b. Let v = 10 + b. What is the tens digit of v?
1
Let d be 3 + -2 + 3/1. Suppose 5*t = d*r - 2*r + 51, t = 4*r + 21. Suppose 0 = -2*s + 3*s - t. What is the units digit of s?
9
Let o = 20